{"id":339,"date":"2026-03-31T17:15:44","date_gmt":"2026-03-31T15:15:44","guid":{"rendered":"https:\/\/www.visuel95.fr\/?page_id=339"},"modified":"2026-03-31T19:15:31","modified_gmt":"2026-03-31T17:15:31","slug":"nouveautes","status":"publish","type":"page","link":"https:\/\/www.visuel95.fr\/","title":{"rendered":"Nouveaut\u00e9s"},"content":{"rendered":"\n<h2 class=\"wp-block-heading\"><em><strong>Bienvenue chez Visuel 95<\/strong><\/em><\/h2>\n\n\n\n<p><strong><em><strong>D\u00e9couvrez tous les nouveaux produits en vid\u00e9o&nbsp;<\/strong><\/em><\/strong><\/p>\n\n\n\n<script src=\"https:\/\/fast.wistia.com\/player.js\" async><\/script><script\nsrc=\"https:\/\/fast.wistia.com\/embed\/sfn0fpdq6h.js\" async type=\"module\"><\/script><style>wistia-\nplayer[media-id=\"sfn0fpdq6h']:not(:defined) { background: center \/ contain no-repeat\nurl(\"https:\/\/fast.wistia.com\/embed\/medias\/sfn0fpdq6h\/swatch'); display: block; filter: blur(5px);\npadding-top:56.25%; }<\/style> <wistia-player media-id=\"sfn0fpdq6h\" seo=\"false\"\naspect=\"1.7777777777777777\"><\/wistia-player>\n\n\n\n<p><\/p>\n\n\n\n<p><strong>Bouteilles en verre<\/strong><\/p>\n\n\n\n<figure class=\"wp-block-image\"><img decoding=\"async\" src=\"https:\/\/mail.google.com\/mail\/u\/0?ui=2&amp;ik=5fdb8ab601&amp;attid=0.1&amp;permmsgid=msg-f:1858562977795709456&amp;th=19caf12e64349a10&amp;view=fimg&amp;fur=ip&amp;permmsgid=msg-f:1858562977795709456&amp;sz=s0-l75-ft&amp;attbid=ANGjdJ9Ps4uleyDm1nCfsIx6bB1jSWDSxEv_Xk88A0HybExtRD4rwkVkeimRfQIt821g1VRRsHE3NdUcMF9iQ-uFed8i0BeSykXBL3WgyUznvFjTi85HPv5_AU7CgH0&amp;disp=emb&amp;zw\" alt=\"ggg.png (425 Ko)\"\/><\/figure>\n\n\n\n<figure class=\"wp-block-image\"><img decoding=\"async\" src=\"https:\/\/mail.google.com\/mail\/u\/0?ui=2&amp;ik=5fdb8ab601&amp;attid=0.2&amp;permmsgid=msg-f:1858562977795709456&amp;th=19caf12e64349a10&amp;view=fimg&amp;fur=ip&amp;permmsgid=msg-f:1858562977795709456&amp;sz=s0-l75-ft&amp;attbid=ANGjdJ8Y0T3rJkQgHAUjf4b6JuATKsaaHpZAElrmIBWBelDbZmUdWCD88PaWSsySOzRGZjVOeP93l1MebK1ao0Xoz0JjDlqhZsDSKaIOFUtS04X0ZwcsBkrVxY_68Uw&amp;disp=emb&amp;zw\" alt=\"444.png (129 Ko)\"\/><\/figure>\n\n\n\n<p><strong>Le mixeur \u00e0 smoothie<\/strong><\/p>\n\n\n\n<p><img decoding=\"async\" src=\"https:\/\/mail.google.com\/mail\/u\/0?ui=2&amp;ik=5fdb8ab601&amp;attid=0.3&amp;permmsgid=msg-f:1858562977795709456&amp;th=19caf12e64349a10&amp;view=fimg&amp;fur=ip&amp;permmsgid=msg-f:1858562977795709456&amp;sz=s0-l75-ft&amp;attbid=ANGjdJ_ReAmn9vfKaLLHRd_xgaXabktCzp0BAOLMBBgMHOlCSe1qb-9az8-aUDipPEQtwIhTyI4T713HzHHQWmcSK2qg_Q3M4OMymd2DQ7dS7sef7oPXgJTAUfxwN88&amp;disp=emb&amp;zw\" alt=\"2.png (104 Ko)\" width=\"509\">\u200d\u200d\u200d<\/p>\n\n\n\n<p><strong>le velours<\/strong><\/p>\n\n\n\n<p><img decoding=\"async\" width=\"290\" src=\"https:\/\/mail.google.com\/mail\/u\/0?ui=2&amp;ik=5fdb8ab601&amp;attid=0.4&amp;permmsgid=msg-f:1858562977795709456&amp;th=19caf12e64349a10&amp;view=fimg&amp;fur=ip&amp;permmsgid=msg-f:1858562977795709456&amp;sz=s0-l75-ft&amp;attbid=ANGjdJ8RvbSwsh27ReS0pycLHb2KE_Rn9FpcJLHG7adnk0HmF1EvT0ER1I16GpnygFyiab3ATZvvVvr48MaxQtVsHUjhtJQh2fg-C3RebGfM4YOcNqPCbK7ZxF0klz8&amp;disp=emb&amp;zw\" alt=\"le velours.png (447 Ko)\"><\/p>\n\n\n\n<p>\u200d\u200d<\/p>\n\n\n\n<figure class=\"wp-block-image\"><img decoding=\"async\" src=\"https:\/\/mail.google.com\/mail\/u\/0?ui=2&amp;ik=5fdb8ab601&amp;attid=0.5&amp;permmsgid=msg-f:1858562977795709456&amp;th=19caf12e64349a10&amp;view=fimg&amp;fur=ip&amp;permmsgid=msg-f:1858562977795709456&amp;sz=s0-l75-ft&amp;attbid=ANGjdJ951aCO8k53GYg4V3-wnWOAAmiWhWm9l8kAJVe66xrG7JjIiftnvIImffoNSgpGwP-g0bQ2W36sLsFlMtR_wV-blOY1f-j6fqe-2ZAU8kbxAXinBcAC40ZAm34&amp;disp=emb&amp;zw\" alt=\"new trophee.png (555 Ko)\"\/><\/figure>\n\n\n\n<h2 class=\"wp-block-heading\"><a href=\"https:\/\/www.visuel95.fr\/index.php\/2018\/04\/13\/catalogue-betwear\/\">Et bien plus : ALLEZ VOIR NOS CATALOGUES<\/a><\/h2>\n","protected":false},"excerpt":{"rendered":"<p>Bienvenue chez Visuel 95 D\u00e9couvrez tous les nouveaux produits en vid\u00e9o&nbsp; Bouteilles en verre Le mixeur \u00e0 smoothie \u200d\u200d\u200d le velours \u200d\u200d Et bien plus : ALLEZ VOIR NOS CATALOGUES<\/p>\n","protected":false},"author":1,"featured_media":0,"parent":0,"menu_order":0,"comment_status":"closed","ping_status":"closed","template":"","meta":{"footnotes":""},"_links":{"self":[{"href":"https:\/\/www.visuel95.fr\/index.php\/wp-json\/wp\/v2\/pages\/339"}],"collection":[{"href":"https:\/\/www.visuel95.fr\/index.php\/wp-json\/wp\/v2\/pages"}],"about":[{"href":"https:\/\/www.visuel95.fr\/index.php\/wp-json\/wp\/v2\/types\/page"}],"author":[{"embeddable":true,"href":"https:\/\/www.visuel95.fr\/index.php\/wp-json\/wp\/v2\/users\/1"}],"replies":[{"embeddable":true,"href":"https:\/\/www.visuel95.fr\/index.php\/wp-json\/wp\/v2\/comments?post=339"}],"version-history":[{"count":17,"href":"https:\/\/www.visuel95.fr\/index.php\/wp-json\/wp\/v2\/pages\/339\/revisions"}],"predecessor-version":[{"id":389,"href":"https:\/\/www.visuel95.fr\/index.php\/wp-json\/wp\/v2\/pages\/339\/revisions\/389"}],"wp:attachment":[{"href":"https:\/\/www.visuel95.fr\/index.php\/wp-json\/wp\/v2\/media?parent=339"}],"curies":[{"name":"wp","href":"https:\/\/api.w.org\/{rel}","templated":true}]}}