{"id":8,"date":"2018-04-12T16:31:12","date_gmt":"2018-04-12T14:31:12","guid":{"rendered":"http:\/\/www.visuel95.fr\/?page_id=8"},"modified":"2025-07-01T18:45:27","modified_gmt":"2025-07-01T16:45:27","slug":"a-propos-de","status":"publish","type":"page","link":"https:\/\/www.visuel95.fr\/index.php\/a-propos-de\/","title":{"rendered":"Qui sommes-nous ?"},"content":{"rendered":"<p><strong>VISUEL 95, <\/strong>est pr\u00e9sente sur le march\u00e9 depuis plus de 25 ans dans le secteur de la communication par l&rsquo;objet et dans le textile publicitaire.<\/p>\n<p>Son \u00e9quipe cr\u00e9ative vous propose des id\u00e9es originales et innovantes tout en s\u2019adaptant \u00e0 vos budgets.<\/p>\n<p>L\u2019historique de la Soci\u00e9t\u00e9\u00a0: Apr\u00e8s avoir pass\u00e9 plusieurs ann\u00e9es dans un tr\u00e8s grand groupe Fran\u00e7ais en tant que Responsable Achats Produits Publicitaires Impressions et PLV, Marie Moyat cr\u00e9e en 1989 Visuel 95.<\/p>\n<p>Tr\u00e8s rapidement et gr\u00e2ce \u00e0 la confiance de ses clients Visuel 95 et son atelier de marquage sont capables de r\u00e9pondre \u00e0 toutes demandes sp\u00e9cifiques.<\/p>\n<p><u>Nous avons des r\u00e8gles d\u2019or que nous respectons au quotidien\u00a0:<\/u><\/p>\n<p>. Notre capacit\u00e9 d&rsquo;\u00e9coute<\/p>\n<p>. Apporter une prestation irr\u00e9prochable tant en terme de qualit\u00e9 que le respect des d\u00e9lais<\/p>\n<p>. Notre r\u00e9activit\u00e9 : nous sommes capables de r\u00e9aliser des op\u00e9rations dans des d\u00e9lais tr\u00e8s courts<\/p>\n<p>. Optimiser les co\u00fbts de production afin de proposer des prix encore plus comp\u00e9titifs tout en conservant <u>un service de qualit\u00e9<\/u><\/p>\n<p>. G\u00e9rer l&rsquo;envoi de vos commandes sur les diff\u00e9rents points de livraisons<\/p>\n<p>. Nous avons mis en place un service gratuit pour le stockage de vos produits dans nos locaux<\/p>\n<p><strong>Nous vous disons \u00e0 tr\u00e8s bient\u00f4t.<\/strong><\/p>\n","protected":false},"excerpt":{"rendered":"<p>VISUEL 95, est pr\u00e9sente sur le march\u00e9 depuis plus de 25 ans dans le secteur de la communication par l&rsquo;objet et dans le textile publicitaire. Son \u00e9quipe cr\u00e9ative vous propose des id\u00e9es originales et innovantes tout en s\u2019adaptant \u00e0 vos budgets. L\u2019historique de la Soci\u00e9t\u00e9\u00a0: Apr\u00e8s avoir pass\u00e9 plusieurs ann\u00e9es dans un tr\u00e8s grand groupe &hellip; <\/p>\n<p class=\"link-more\"><a href=\"https:\/\/www.visuel95.fr\/index.php\/a-propos-de\/\" class=\"more-link\">Continuer la lecture<span class=\"screen-reader-text\"> de &laquo;&nbsp;Qui sommes-nous ?&nbsp;&raquo;<\/span><\/a><\/p>\n","protected":false},"author":1,"featured_media":0,"parent":0,"menu_order":0,"comment_status":"closed","ping_status":"closed","template":"","meta":{"footnotes":""},"_links":{"self":[{"href":"https:\/\/www.visuel95.fr\/index.php\/wp-json\/wp\/v2\/pages\/8"}],"collection":[{"href":"https:\/\/www.visuel95.fr\/index.php\/wp-json\/wp\/v2\/pages"}],"about":[{"href":"https:\/\/www.visuel95.fr\/index.php\/wp-json\/wp\/v2\/types\/page"}],"author":[{"embeddable":true,"href":"https:\/\/www.visuel95.fr\/index.php\/wp-json\/wp\/v2\/users\/1"}],"replies":[{"embeddable":true,"href":"https:\/\/www.visuel95.fr\/index.php\/wp-json\/wp\/v2\/comments?post=8"}],"version-history":[{"count":3,"href":"https:\/\/www.visuel95.fr\/index.php\/wp-json\/wp\/v2\/pages\/8\/revisions"}],"predecessor-version":[{"id":330,"href":"https:\/\/www.visuel95.fr\/index.php\/wp-json\/wp\/v2\/pages\/8\/revisions\/330"}],"wp:attachment":[{"href":"https:\/\/www.visuel95.fr\/index.php\/wp-json\/wp\/v2\/media?parent=8"}],"curies":[{"name":"wp","href":"https:\/\/api.w.org\/{rel}","templated":true}]}}

<p><strong>VISUEL 95, </strong>est présente sur le marché depuis plus de 25 ans dans le secteur de la communication par l&rsquo;objet et dans le textile publicitaire.</p>
<p>Son équipe créative vous propose des idées originales et innovantes tout en s’adaptant à vos budgets.</p>
<p>L’historique de la Société : Après avoir passé plusieurs années dans un très grand groupe Français en tant que Responsable Achats Produits Publicitaires Impressions et PLV, Marie Moyat crée en 1989 Visuel 95.</p>
<p>Très rapidement et grâce à la confiance de ses clients Visuel 95 et son atelier de marquage sont capables de répondre à toutes demandes spécifiques.</p>
<p><u>Nous avons des règles d’or que nous respectons au quotidien :</u></p>
<p>. Notre capacité d&rsquo;écoute</p>
<p>. Apporter une prestation irréprochable tant en terme de qualité que le respect des délais</p>
<p>. Notre réactivité : nous sommes capables de réaliser des opérations dans des délais très courts</p>
<p>. Optimiser les coûts de production afin de proposer des prix encore plus compétitifs tout en conservant <u>un service de qualité</u></p>
<p>. Gérer l&rsquo;envoi de vos commandes sur les différents points de livraisons</p>
<p>. Nous avons mis en place un service gratuit pour le stockage de vos produits dans nos locaux</p>
<p><strong>Nous vous disons à très bientôt.</strong></p>

<p>VISUEL 95, est présente sur le marché depuis plus de 25 ans dans le secteur de la communication par l&rsquo;objet et dans le textile publicitaire. Son équipe créative vous propose des idées originales et innovantes tout en s’adaptant à vos budgets. L’historique de la Société : Après avoir passé plusieurs années dans un très grand groupe &hellip; </p>
<p class="link-more"><a href="https://www.visuel95.fr/index.php/a-propos-de/" class="more-link">Continuer la lecture<span class="screen-reader-text"> de &laquo;&nbsp;Qui sommes-nous ?&nbsp;&raquo;</span></a></p>
